ided by x.
2
Suppose x = -8, -5*y + 4*x + 149 - 77 = 0. Calculate the remainder when 28638 is divided by y.
6
Let l(x) = 18*x**2 - 4*x + 60. What is the remainder when l(-8) is divided by 45?
29
Let z(o) = -o**3 + 65*o**2 - 229*o - 229. Calculate the remainder when z(60) is divided by 21.
20
Suppose 20*r + 217 = 27*r. Calculate the remainder when 247 is divided by r.
30
Let y be (-2)/((-8)/20)*1. Suppose -4*q + 99 = -5*i, -3*q + y*i + 21 = -2*q. Suppose -15*d + 202 = -13*d. What is the remainder when d is divided by q?
23
Let k = -98 + 138. Let q = k - 36. Suppose q*c + 4 = 24. What is the remainder when c is divided by 4?
1
Suppose -4*g = 4*g - 32. Suppose 0 = -t - 2*v + 4, -g*t - v = -5*v - 76. Calculate the remainder when 66 is divided by t.
10
Let d(q) = 199*q - 704. Calculate the remainder when d(5) is divided by 30.
21
Let l(v) = 77*v - 12. Let c(i) = 13*i - 64. Let t be c(5). Let q = -39 - -61. What is the remainder when l(t) is divided by q?
21
Let w(l) = 8*l**2 - 2*l**2 - 26 + 5*l + 10*l - 25*l. What is the remainder when 117 is divided by w(-2)?
9
Suppose -w = -2*b - 167, -4*b + 835 = 4*w + 203. What is the remainder when 520 is divided by w?
37
Let r = 0 - -30. Suppose 4*p - 6*p - 1229 = 3*f, 2*p = 4*f + 1634. Let h = f - -558. What is the remainder when h is divided by r?
29
Let d = 2535 + -2137. Calculate the remainder when d is divided by 94.
22
Calculate the remainder when 543 is divided by (2/(-3))/((-5)/((-23310)/(-28))).
99
Calculate the remainder when 67301/167 + (2 - (0 - -1) - -5) is divided by 22.
13
Suppose -z = -5*x - 8856, 37*z = 38*z + 4*x - 8802. What is the remainder when z is divided by 97?
96
Let k(f) = -f**2 + 6*f + 16. Let b be k(8). Suppose 7*m - 8 - 20 = b. Suppose m*r - 112 = -0*r. What is the remainder when 66 is divided by r?
10
Calculate the remainder when (-4 - 0)*1 + (-90 - -197) is divided by 46.
11
Suppose -4*w - 5*u + 46 = -17, -4*w - u = -51. Let x = w - -1. Let n = -1717 + 1720. What is the remainder when x is divided by n?
1
Suppose -c + 411 = 3*r + 2*c, c + 411 = 3*r. Calculate the remainder when r is divided by 60.
17
Suppose 0 = 11*a - 224 + 26. Suppose 110 = -8*c + a*c. What is the remainder when 85 is divided by c?
8
Let r = 50 + -28. Let n be 6/(-3)*39/(-26). Suppose -4*o + 4*q + 355 = -q, 2*o = -n*q + 161. Calculate the remainder when o is divided by r.
19
Let d = 3247 - 3126. Calculate the remainder when 1684 is divided by d.
111
Suppose -459*g = -454*g + 20, 14 = -2*f + 2*g. Let o(w) = 12 + w**2 + 4*w + 4*w + 3*w. Calculate the remainder when 33 is divided by o(f).
9
Let x be -4 - ((-4)/(-10))/(2/(-30)). Suppose x = 3*r - 79. Let m = 29 - 14. Calculate the remainder when r is divided by m.
12
Let v(h) = h**3 - 2*h**2 - 42*h + 14. Calculate the remainder when 3097 is divided by v(8).
59
Let a(b) = b**3 + 10*b**2 + 13*b + 8. Let q(z) = 2*z**2 + 4*z + 1. What is the remainder when a(-8) is divided by q(-3)?
4
Let z = 7294 - 5227. What is the remainder when z is divided by 188?
187
Calculate the remainder when -1611*(32/(9 + -5) + -9) is divided by 42.
15
Let p(y) be the second derivative of -5*y**3/3 - 9*y**2 + 15*y. Calculate the remainder when p(-12) is divided by (-126)/12*(-10)/3.
32
Let y(p) = 3*p**3 - 3*p**2 - 3*p. Let b(i) = 3*i + 6. Let o(l) = 4*l + 36. Let c be o(-9). Calculate the remainder when y(3) is divided by b(c).
3
Let t = -110 - -235. Let r = t + -75. What is the remainder when r is divided by 11?
6
Suppose -39552*j = -39539*j - 1365. What is the remainder when j is divided by (2/(-4))/((-2)/88)?
17
Let i = -3301 - -3441. What is the remainder when 1395 is divided by i?
135
Let b = -21396 - -35196. Calculate the remainder when b is divided by 37.
36
Let w(x) = -25*x - 208. Suppose -t + 3*a - 172 = 0, -a = -t - 6*a - 156. Calculate the remainder when (t/(-8))/((-4)/(-16)) is divided by w(-9).
15
Let a(p) = -15*p + 5. Let b(v) = 15*v - 6. Let z(c) = 4*a(c) + 3*b(c). Let g be 1/(5 + -3) - (-3)/(-2). What is the remainder when 46 is divided by z(g)?
12
Let y = 11 + 11. Let s(m) = 36*m + 111. Let h be s(-3). Suppose -p = -h*g + 8 - 74, 0 = 4*g + 4. Calculate the remainder when p is divided by y.
19
Suppose -3*l + r + 36 + 144 = 0, -4*l + 4*r = -240. Suppose 3*i + l = 3*b, -6*i = 2*b - 2*i - 28. What is the remainder when b is divided by 7?
4
Let l(d) = d**3 - 20*d**2 + 41*d - 63. Let p be l(18). Suppose 2*q = -0*q + 40. Calculate the remainder when 978/p - 64/288 is divided by q.
16
Let j(l) = l**3 + 7*l**2 - 10. Let q(m) = -2*m**2 - 12*m - 15. Let s be q(-5). What is the remainder when 118 is divided by j(s)?
38
Calculate the remainder when (1000 - 60/4) + -14 is divided by 88.
3
What is the remainder when 41 is divided by ((-8)/(-340)*17)/(4/230)?
18
Let b(o) = 2*o**3 - 40*o**2 + 30*o - 553. Calculate the remainder when b(20) is divided by 16.
15
Calculate the remainder when (-5)/30*-18*(-2 + (-6690)/(-9)) is divided by 44.
24
Let m = -5540 - -5591. What is the remainder when 344 is divided by m?
38
Suppose -13*v - 7*v + 352 = 2*v. Calculate the remainder when 293 is divided by v.
5
Let v = 11806 + -7579. What is the remainder when v is divided by 151?
150
Let g = -33 - -78. Suppose 3*c + 2*j = -3*j - g, -92 = 4*c - 4*j. What is the remainder when 21 is divided by (c/(-1))/5 - -4?
5
Suppose 0 = 73*j - 302 - 282. Suppose -2*x + 6*x = 60. Calculate the remainder when x is divided by j.
7
Suppose n = -3*l + 3*n + 67, 4*n - 73 = -3*l. Suppose -14402 = 64*u - 109*u + 5218. What is the remainder when u is divided by l?
22
Suppose w - 255 = -5*z - 72, 4*w - 607 = 5*z. Let r = -84 + w. Calculate the remainder when r is divided by 3*13 + (-1)/1.
36
Suppose 2559 = 514*p - 17487. What is the remainder when 227 is divided by p?
32
What is the remainder when 144 is divided by 9 + (-297)/36 - (-5 - (-435)/(-12))?
18
Suppose 5*d - 5*x = 2705, -x = 90*d - 85*d - 2681. Calculate the remainder when d is divided by 26.
17
Let u(p) = 560*p**2 + 71*p - 143. What is the remainder when u(2) is divided by 746?
1
What is the remainder when 1663 is divided by (-4)/10*900/(-24)?
13
Suppose -96 = -8*w + 2*w. Let c = 6 + w. Calculate the remainder when c is divided by 7.
1
Let u(x) = -109*x - 8438. Calculate the remainder when u(-87) is divided by 35.
30
Suppose 2*k - 45 = -3*k. Let f be (8 + -3 + -7)*(-3)/2. Suppose -5*g + 8 = w, 0*g = -3*g + f*w + 12. What is the remainder when k is divided by g?
1
Let n(z) = z**2 - 11*z + 32. Let w be n(6). Let i be 104/(-65) - w/5. What is the remainder when 26 is divided by (-3 + (-12)/8)*i?
8
Suppose 0 = h - 3*t - 757 - 25, 3*h - 2330 = 5*t. What is the remainder when h is divided by 160?
130
Let p(o) = 4*o - 33. Let q be p(10). Suppose 2*l - 63 = -q*l. Suppose -l*t + 3*t + 64 = 0. What is the remainder when 30 is divided by t?
14
Calculate the remainder when (-283 - (158 + -54))/((-1)/(-2)*-3) is divided by (-4)/14 + 615/21.
26
Let p = 266 + -107. Let o = p + -100. Let q = -49 + o. What is the remainder when 19 is divided by q?
9
Let s be 33/((-6)/((-8)/4)). Suppose -10*i + s*i - 24 = 0. Calculate the remainder when 71 is divided by i.
23
Suppose 248 = 2*d - f, -179 = -d + 3*f - 55. Let p = -269 + 291. Calculate the remainder when d is divided by p.
14
Let f = 74 - 137. Suppose -4*z = 108 - 404. Let r = z + f. What is the remainder when 40 is divided by r?
7
Let b(l) = -l + 2. Let x = -81 - -85. Let z(q) = q**2 - q + 9. Calculate the remainder when z(x) is divided by b(-2).
1
Let t(q) = 96*q**2 + 30*q + 2. Let o be t(-3). Suppose -o = -35*h + 5734. What is the remainder when h is divided by 52?
30
Let u(a) = a**3 - 11*a**2 + 21*a - 6. Let t = 252 - 243. Suppose -936 = -5*c + 2*x, 5*c - x - 933 = -0*x. What is the remainder when c is divided by u(t)?
18
Let v = -28859 - -29025. Let s = 36 - 15. What is the remainder when v is divided by s?
19
Let x(y) = 8*y + 5. Let b be x(20). Suppose b = 2*c + 9*c. Suppose 2*m = n - c, n + 4*m - 2 - 1 = 0. Calculate the remainder when 20 is divided by n.
9
Suppose 928 + 3288 = 17*i. Let d = i + -233. Calculate the remainder when d is divided by 11.
4
Let a(b) = b**3 + 9*b**2 - 4*b - 10. Calculate the remainder when a(-7) is divided by (2/(-5))/((-64)/1120).
4
Let p be ((-45)/18)/((-9)/(-2) + -4). Calculate the remainder when (